{"version":"1.0","provider_name":"FSU-SNUipp 86","provider_url":"https:\/\/snuipp86.fr","title":"Nouvelle organisation de la semaine : Position du SNUipp - FSU-SNUipp 86","type":"rich","width":600,"height":338,"html":"<blockquote class=\"wp-embedded-content\" data-secret=\"hUp3RAlqhi\"><a href=\"https:\/\/snuipp86.fr\/index.php\/2008\/06\/03\/nouvelle-organisation-de-la-semaine-position-du-snuipp\/\">Nouvelle organisation de la semaine : Position du SNUipp<\/a><\/blockquote><iframe sandbox=\"allow-scripts\" security=\"restricted\" src=\"https:\/\/snuipp86.fr\/index.php\/2008\/06\/03\/nouvelle-organisation-de-la-semaine-position-du-snuipp\/embed\/#?secret=hUp3RAlqhi\" width=\"600\" height=\"338\" title=\"\u00ab\u00a0Nouvelle organisation de la semaine : Position du SNUipp\u00a0\u00bb &#8212; FSU-SNUipp 86\" data-secret=\"hUp3RAlqhi\" frameborder=\"0\" marginwidth=\"0\" marginheight=\"0\" scrolling=\"no\" class=\"wp-embedded-content\"><\/iframe><script type=\"text\/javascript\">\n\/* <![CDATA[ *\/\n\/*! This file is auto-generated *\/\n!function(d,l){\"use strict\";l.querySelector&&d.addEventListener&&\"undefined\"!=typeof URL&&(d.wp=d.wp||{},d.wp.receiveEmbedMessage||(d.wp.receiveEmbedMessage=function(e){var t=e.data;if((t||t.secret||t.message||t.value)&&!\/[^a-zA-Z0-9]\/.test(t.secret)){for(var s,r,n,a=l.querySelectorAll('iframe[data-secret=\"'+t.secret+'\"]'),o=l.querySelectorAll('blockquote[data-secret=\"'+t.secret+'\"]'),c=new RegExp(\"^https?:$\",\"i\"),i=0;i<o.length;i++)o[i].style.display=\"none\";for(i=0;i<a.length;i++)s=a[i],e.source===s.contentWindow&&(s.removeAttribute(\"style\"),\"height\"===t.message?(1e3<(r=parseInt(t.value,10))?r=1e3:~~r<200&&(r=200),s.height=r):\"link\"===t.message&&(r=new URL(s.getAttribute(\"src\")),n=new URL(t.value),c.test(n.protocol))&&n.host===r.host&&l.activeElement===s&&(d.top.location.href=t.value))}},d.addEventListener(\"message\",d.wp.receiveEmbedMessage,!1),l.addEventListener(\"DOMContentLoaded\",function(){for(var e,t,s=l.querySelectorAll(\"iframe.wp-embedded-content\"),r=0;r<s.length;r++)(t=(e=s[r]).getAttribute(\"data-secret\"))||(t=Math.random().toString(36).substring(2,12),e.src+=\"#?secret=\"+t,e.setAttribute(\"data-secret\",t)),e.contentWindow.postMessage({message:\"ready\",secret:t},\"*\")},!1)))}(window,document);\n\/\/# sourceURL=https:\/\/snuipp86.fr\/wp-includes\/js\/wp-embed.min.js\n\/* ]]> *\/\n<\/script>\n","description":"Le SNUipp n'a pas sign\u00e9 le relev\u00e9 de conclusion. C'est plus de 20 000 puis plus de 10 000 coll\u00e8gues qui ont \u00e9t\u00e9 consult\u00e9s et 78,2% souhaitant que le syndicat ne signe pas le document Notre opposition sur le fond : il n'y a pas une difficult\u00e9, mais plusieurs difficult\u00e9s et beaucoup ne se r\u00e8glent pas par le soutien scolaire (la difficult\u00e9 ne se r\u00e9duit pas aux difficult\u00e9s d'apprentissage) l'ajout de 60 heures pour les enfants relevant d'un PPRE contribue \u00e0 pr\u00e9lever tous les ans 72 heures \u00e0 (...) - Organisation de la semaine scolaire et temps de travail","thumbnail_url":"http:\/\/snuipp86.fr\/wp-content\/spip\/cache-vignettes\/L8xH11\/puce-68c92.gif"}

Le SNUipp n'a pas signé le relevé de conclusion. C'est plus de 20 000 puis plus de 10 000 collègues qui ont été consultés et 78,2% souhaitant que le syndicat ne signe pas le document Notre opposition sur le fond : il n'y a pas une difficulté, mais plusieurs difficultés et beaucoup ne se règlent pas par le soutien scolaire (la difficulté ne se réduit pas aux difficultés d'apprentissage) l'ajout de 60 heures pour les enfants relevant d'un PPRE contribue à prélever tous les ans 72 heures à (...) - Organisation de la semaine scolaire et temps de travail
