{"version":"1.0","provider_name":"FSU-SNUipp 86","provider_url":"https:\/\/snuipp86.fr","title":"Journ\u00e9e de mobilisation pour l'Ecole le 22 janvier - FSU-SNUipp 86","type":"rich","width":600,"height":338,"html":"<blockquote class=\"wp-embedded-content\" data-secret=\"nOtc6KeB03\"><a href=\"https:\/\/snuipp86.fr\/index.php\/2011\/01\/03\/journe-de-mobilisation-pour-lecole-le-22-janvier\/\">Journ\u00e9e de mobilisation pour l&rsquo;Ecole le 22 janvier<\/a><\/blockquote><iframe sandbox=\"allow-scripts\" security=\"restricted\" src=\"https:\/\/snuipp86.fr\/index.php\/2011\/01\/03\/journe-de-mobilisation-pour-lecole-le-22-janvier\/embed\/#?secret=nOtc6KeB03\" width=\"600\" height=\"338\" title=\"\u00ab\u00a0Journ\u00e9e de mobilisation pour l&rsquo;Ecole le 22 janvier\u00a0\u00bb &#8212; FSU-SNUipp 86\" data-secret=\"nOtc6KeB03\" frameborder=\"0\" marginwidth=\"0\" marginheight=\"0\" scrolling=\"no\" class=\"wp-embedded-content\"><\/iframe><script type=\"text\/javascript\">\n\/* <![CDATA[ *\/\n\/*! This file is auto-generated *\/\n!function(d,l){\"use strict\";l.querySelector&&d.addEventListener&&\"undefined\"!=typeof URL&&(d.wp=d.wp||{},d.wp.receiveEmbedMessage||(d.wp.receiveEmbedMessage=function(e){var t=e.data;if((t||t.secret||t.message||t.value)&&!\/[^a-zA-Z0-9]\/.test(t.secret)){for(var s,r,n,a=l.querySelectorAll('iframe[data-secret=\"'+t.secret+'\"]'),o=l.querySelectorAll('blockquote[data-secret=\"'+t.secret+'\"]'),c=new RegExp(\"^https?:$\",\"i\"),i=0;i<o.length;i++)o[i].style.display=\"none\";for(i=0;i<a.length;i++)s=a[i],e.source===s.contentWindow&&(s.removeAttribute(\"style\"),\"height\"===t.message?(1e3<(r=parseInt(t.value,10))?r=1e3:~~r<200&&(r=200),s.height=r):\"link\"===t.message&&(r=new URL(s.getAttribute(\"src\")),n=new URL(t.value),c.test(n.protocol))&&n.host===r.host&&l.activeElement===s&&(d.top.location.href=t.value))}},d.addEventListener(\"message\",d.wp.receiveEmbedMessage,!1),l.addEventListener(\"DOMContentLoaded\",function(){for(var e,t,s=l.querySelectorAll(\"iframe.wp-embedded-content\"),r=0;r<s.length;r++)(t=(e=s[r]).getAttribute(\"data-secret\"))||(t=Math.random().toString(36).substring(2,12),e.src+=\"#?secret=\"+t,e.setAttribute(\"data-secret\",t)),e.contentWindow.postMessage({message:\"ready\",secret:t},\"*\")},!1)))}(window,document);\n\/\/# sourceURL=https:\/\/snuipp86.fr\/wp-includes\/js\/wp-embed.min.js\n\/* ]]> *\/\n<\/script>\n","description":"77 postes supprim\u00e9s dans le premier degr\u00e9 pour l'acad\u00e9mie de Poitiers. Au total, ce sont 3 367 emplois qui seront supprim\u00e9s au niveau national alors que pr\u00e8s de 4 000 \u00e9l\u00e8ves suppl\u00e9mentaires sont attendus en septembre 2011. Le SNUipp vous invite \u00e0 participer \u00e0 la journ\u00e9e de mobilisation pour l'Ecole du 22 janvier prochain \u00e0 l'initiative du Collectif \u00ab l'Education est notre avenir \u00bb. Le SNUipp proposera d'autres actions nationales pour porter haut et fort l'ambition de r\u00e9ussite de (...) - Gr\u00e8ves- Actions \/ Actions","thumbnail_url":"http:\/\/snuipp86.fr\/wp-content\/spip\/IMG\/arton2074.jpg"}

Journée de mobilisation pour l'Ecole le 22 janvier - FSU-SNUipp 86

<blockquote class="wp-embedded-content" data-secret="nOtc6KeB03"><a href="https://snuipp86.fr/index.php/2011/01/03/journe-de-mobilisation-pour-lecole-le-22-janvier/">Journée de mobilisation pour l&rsquo;Ecole le 22 janvier</a></blockquote><iframe sandbox="allow-scripts" security="restricted" src="https://snuipp86.fr/index.php/2011/01/03/journe-de-mobilisation-pour-lecole-le-22-janvier/embed/#?secret=nOtc6KeB03" width="600" height="338" title="« Journée de mobilisation pour l&rsquo;Ecole le 22 janvier » &#8212; FSU-SNUipp 86" data-secret="nOtc6KeB03" frameborder="0" marginwidth="0" marginheight="0" scrolling="no" class="wp-embedded-content"></iframe><script type="text/javascript">
/* <![CDATA[ */
/*! This file is auto-generated */
!function(d,l){"use strict";l.querySelector&&d.addEventListener&&"undefined"!=typeof URL&&(d.wp=d.wp||{},d.wp.receiveEmbedMessage||(d.wp.receiveEmbedMessage=function(e){var t=e.data;if((t||t.secret||t.message||t.value)&&!/[^a-zA-Z0-9]/.test(t.secret)){for(var s,r,n,a=l.querySelectorAll('iframe[data-secret="'+t.secret+'"]'),o=l.querySelectorAll('blockquote[data-secret="'+t.secret+'"]'),c=new RegExp("^https?:$","i"),i=0;i<o.length;i++)o[i].style.display="none";for(i=0;i<a.length;i++)s=a[i],e.source===s.contentWindow&&(s.removeAttribute("style"),"height"===t.message?(1e3<(r=parseInt(t.value,10))?r=1e3:~~r<200&&(r=200),s.height=r):"link"===t.message&&(r=new URL(s.getAttribute("src")),n=new URL(t.value),c.test(n.protocol))&&n.host===r.host&&l.activeElement===s&&(d.top.location.href=t.value))}},d.addEventListener("message",d.wp.receiveEmbedMessage,!1),l.addEventListener("DOMContentLoaded",function(){for(var e,t,s=l.querySelectorAll("iframe.wp-embedded-content"),r=0;r<s.length;r++)(t=(e=s[r]).getAttribute("data-secret"))||(t=Math.random().toString(36).substring(2,12),e.src+="#?secret="+t,e.setAttribute("data-secret",t)),e.contentWindow.postMessage({message:"ready",secret:t},"*")},!1)))}(window,document);
//# sourceURL=https://snuipp86.fr/wp-includes/js/wp-embed.min.js
/* ]]> */
</script>

77 postes supprimés dans le premier degré pour l'académie de Poitiers. Au total, ce sont 3 367 emplois qui seront supprimés au niveau national alors que près de 4 000 élèves supplémentaires sont attendus en septembre 2011. Le SNUipp vous invite à participer à la journée de mobilisation pour l'Ecole du 22 janvier prochain à l'initiative du Collectif « l'Education est notre avenir ». Le SNUipp proposera d'autres actions nationales pour porter haut et fort l'ambition de réussite de (...) - Grèves- Actions / Actions
