{"version":"1.0","provider_name":"FSU-SNUipp 86","provider_url":"https:\/\/snuipp86.fr","title":"Enseignants sp\u00e9cialis\u00e9s : un retard inacceptable ! - FSU-SNUipp 86","type":"rich","width":600,"height":338,"html":"<blockquote class=\"wp-embedded-content\" data-secret=\"0ZHOlJ0xFR\"><a href=\"https:\/\/snuipp86.fr\/index.php\/2014\/06\/05\/enseignants-spcialiss-un-retard-inacceptable\/\">Enseignants sp\u00e9cialis\u00e9s : un retard inacceptable !<\/a><\/blockquote><iframe sandbox=\"allow-scripts\" security=\"restricted\" src=\"https:\/\/snuipp86.fr\/index.php\/2014\/06\/05\/enseignants-spcialiss-un-retard-inacceptable\/embed\/#?secret=0ZHOlJ0xFR\" width=\"600\" height=\"338\" title=\"\u00ab\u00a0Enseignants sp\u00e9cialis\u00e9s : un retard inacceptable !\u00a0\u00bb &#8212; FSU-SNUipp 86\" data-secret=\"0ZHOlJ0xFR\" frameborder=\"0\" marginwidth=\"0\" marginheight=\"0\" scrolling=\"no\" class=\"wp-embedded-content\"><\/iframe><script type=\"text\/javascript\">\n\/* <![CDATA[ *\/\n\/*! This file is auto-generated *\/\n!function(d,l){\"use strict\";l.querySelector&&d.addEventListener&&\"undefined\"!=typeof URL&&(d.wp=d.wp||{},d.wp.receiveEmbedMessage||(d.wp.receiveEmbedMessage=function(e){var t=e.data;if((t||t.secret||t.message||t.value)&&!\/[^a-zA-Z0-9]\/.test(t.secret)){for(var s,r,n,a=l.querySelectorAll('iframe[data-secret=\"'+t.secret+'\"]'),o=l.querySelectorAll('blockquote[data-secret=\"'+t.secret+'\"]'),c=new RegExp(\"^https?:$\",\"i\"),i=0;i<o.length;i++)o[i].style.display=\"none\";for(i=0;i<a.length;i++)s=a[i],e.source===s.contentWindow&&(s.removeAttribute(\"style\"),\"height\"===t.message?(1e3<(r=parseInt(t.value,10))?r=1e3:~~r<200&&(r=200),s.height=r):\"link\"===t.message&&(r=new URL(s.getAttribute(\"src\")),n=new URL(t.value),c.test(n.protocol))&&n.host===r.host&&l.activeElement===s&&(d.top.location.href=t.value))}},d.addEventListener(\"message\",d.wp.receiveEmbedMessage,!1),l.addEventListener(\"DOMContentLoaded\",function(){for(var e,t,s=l.querySelectorAll(\"iframe.wp-embedded-content\"),r=0;r<s.length;r++)(t=(e=s[r]).getAttribute(\"data-secret\"))||(t=Math.random().toString(36).substring(2,12),e.src+=\"#?secret=\"+t,e.setAttribute(\"data-secret\",t)),e.contentWindow.postMessage({message:\"ready\",secret:t},\"*\")},!1)))}(window,document);\n\/\/# sourceURL=https:\/\/snuipp86.fr\/wp-includes\/js\/wp-embed.min.js\n\/* ]]> *\/\n<\/script>\n","description":"Alors que des n\u00e9gociations avaient \u00e9t\u00e9 engag\u00e9es depuis plusieurs mois sur les r\u00e9mun\u00e9rations et les obligations de service des enseignants sp\u00e9cialis\u00e9s, le minist\u00e8re vient de faire savoir aux organisations syndicales que l'application de ces mesures \u00e9tait repouss\u00e9e d'un an, \u00e0 la rentr\u00e9e 2015. Le SNUipp-FSU avait alert\u00e9 sur la situation intenable pour ces enseignants : textes obsol\u00e8tes, situations in\u00e9gales et injustes, heures de coordination et de synth\u00e8ses non r\u00e9mun\u00e9r\u00e9es, (...) - Les enseignants ASH \/ Salaires, indemnit\u00e9s, primes ., A.S.H","thumbnail_url":"http:\/\/86.snuipp.fr\/spip.php\/plugins\/spip-listes_1_9_3\/_js\/plugins\/thickbox2\/javascript\/IMG\/odt\/IMG\/jpg\/IMG\/arton2668.jpg"}

Enseignants spécialisés : un retard inacceptable ! - FSU-SNUipp 86

<blockquote class="wp-embedded-content" data-secret="0ZHOlJ0xFR"><a href="https://snuipp86.fr/index.php/2014/06/05/enseignants-spcialiss-un-retard-inacceptable/">Enseignants spécialisés : un retard inacceptable !</a></blockquote><iframe sandbox="allow-scripts" security="restricted" src="https://snuipp86.fr/index.php/2014/06/05/enseignants-spcialiss-un-retard-inacceptable/embed/#?secret=0ZHOlJ0xFR" width="600" height="338" title="« Enseignants spécialisés : un retard inacceptable ! » &#8212; FSU-SNUipp 86" data-secret="0ZHOlJ0xFR" frameborder="0" marginwidth="0" marginheight="0" scrolling="no" class="wp-embedded-content"></iframe><script type="text/javascript">
/* <![CDATA[ */
/*! This file is auto-generated */
!function(d,l){"use strict";l.querySelector&&d.addEventListener&&"undefined"!=typeof URL&&(d.wp=d.wp||{},d.wp.receiveEmbedMessage||(d.wp.receiveEmbedMessage=function(e){var t=e.data;if((t||t.secret||t.message||t.value)&&!/[^a-zA-Z0-9]/.test(t.secret)){for(var s,r,n,a=l.querySelectorAll('iframe[data-secret="'+t.secret+'"]'),o=l.querySelectorAll('blockquote[data-secret="'+t.secret+'"]'),c=new RegExp("^https?:$","i"),i=0;i<o.length;i++)o[i].style.display="none";for(i=0;i<a.length;i++)s=a[i],e.source===s.contentWindow&&(s.removeAttribute("style"),"height"===t.message?(1e3<(r=parseInt(t.value,10))?r=1e3:~~r<200&&(r=200),s.height=r):"link"===t.message&&(r=new URL(s.getAttribute("src")),n=new URL(t.value),c.test(n.protocol))&&n.host===r.host&&l.activeElement===s&&(d.top.location.href=t.value))}},d.addEventListener("message",d.wp.receiveEmbedMessage,!1),l.addEventListener("DOMContentLoaded",function(){for(var e,t,s=l.querySelectorAll("iframe.wp-embedded-content"),r=0;r<s.length;r++)(t=(e=s[r]).getAttribute("data-secret"))||(t=Math.random().toString(36).substring(2,12),e.src+="#?secret="+t,e.setAttribute("data-secret",t)),e.contentWindow.postMessage({message:"ready",secret:t},"*")},!1)))}(window,document);
//# sourceURL=https://snuipp86.fr/wp-includes/js/wp-embed.min.js
/* ]]> */
</script>

Alors que des négociations avaient été engagées depuis plusieurs mois sur les rémunérations et les obligations de service des enseignants spécialisés, le ministère vient de faire savoir aux organisations syndicales que l'application de ces mesures était repoussée d'un an, à la rentrée 2015. Le SNUipp-FSU avait alerté sur la situation intenable pour ces enseignants : textes obsolètes, situations inégales et injustes, heures de coordination et de synthèses non rémunérées, (...) - Les enseignants ASH / Salaires, indemnités, primes ., A.S.H
