{"version":"1.0","provider_name":"FSU-SNUipp 86","provider_url":"https:\/\/snuipp86.fr","title":"Mobilisations : loi travail 2, action fonction publique - FSU-SNUipp 86","type":"rich","width":600,"height":338,"html":"<blockquote class=\"wp-embedded-content\" data-secret=\"VmZqo0Hs9s\"><a href=\"https:\/\/snuipp86.fr\/index.php\/2017\/09\/06\/mobilisations-loi-travail-2-action-fonction-publique\/\">Mobilisations : loi travail 2, action fonction publique<\/a><\/blockquote><iframe sandbox=\"allow-scripts\" security=\"restricted\" src=\"https:\/\/snuipp86.fr\/index.php\/2017\/09\/06\/mobilisations-loi-travail-2-action-fonction-publique\/embed\/#?secret=VmZqo0Hs9s\" width=\"600\" height=\"338\" title=\"\u00ab\u00a0Mobilisations : loi travail 2, action fonction publique\u00a0\u00bb &#8212; FSU-SNUipp 86\" data-secret=\"VmZqo0Hs9s\" frameborder=\"0\" marginwidth=\"0\" marginheight=\"0\" scrolling=\"no\" class=\"wp-embedded-content\"><\/iframe><script type=\"text\/javascript\">\n\/* <![CDATA[ *\/\n\/*! This file is auto-generated *\/\n!function(d,l){\"use strict\";l.querySelector&&d.addEventListener&&\"undefined\"!=typeof URL&&(d.wp=d.wp||{},d.wp.receiveEmbedMessage||(d.wp.receiveEmbedMessage=function(e){var t=e.data;if((t||t.secret||t.message||t.value)&&!\/[^a-zA-Z0-9]\/.test(t.secret)){for(var s,r,n,a=l.querySelectorAll('iframe[data-secret=\"'+t.secret+'\"]'),o=l.querySelectorAll('blockquote[data-secret=\"'+t.secret+'\"]'),c=new RegExp(\"^https?:$\",\"i\"),i=0;i<o.length;i++)o[i].style.display=\"none\";for(i=0;i<a.length;i++)s=a[i],e.source===s.contentWindow&&(s.removeAttribute(\"style\"),\"height\"===t.message?(1e3<(r=parseInt(t.value,10))?r=1e3:~~r<200&&(r=200),s.height=r):\"link\"===t.message&&(r=new URL(s.getAttribute(\"src\")),n=new URL(t.value),c.test(n.protocol))&&n.host===r.host&&l.activeElement===s&&(d.top.location.href=t.value))}},d.addEventListener(\"message\",d.wp.receiveEmbedMessage,!1),l.addEventListener(\"DOMContentLoaded\",function(){for(var e,t,s=l.querySelectorAll(\"iframe.wp-embedded-content\"),r=0;r<s.length;r++)(t=(e=s[r]).getAttribute(\"data-secret\"))||(t=Math.random().toString(36).substring(2,12),e.src+=\"#?secret=\"+t,e.setAttribute(\"data-secret\",t)),e.contentWindow.postMessage({message:\"ready\",secret:t},\"*\")},!1)))}(window,document);\n\/\/# sourceURL=https:\/\/snuipp86.fr\/wp-includes\/js\/wp-embed.min.js\n\/* ]]> *\/\n<\/script>\n","description":"Les droits des salari\u00e9-es ne sont pas un probl\u00e8me\u2026 \u2026mais leur am\u00e9lioration est la solution Loi Travail La FSU soutient le mouvement de lutte de nos camarades du priv\u00e9 sur la Loi travail 2, qui est beaucoup plus avantageuse pour le patronat que pour le salariat. Retrouvez le tract FSU Un rassemblement \u00e0 l'appel de CGT, Solidaires, UNEF et CNT a lieu \u00e0 Poitiers \u00e0 15h place du march\u00e9 et \u00e0 10h \u00e0 Ch\u00e2tellerault au kiosque, contre la Loi Travail 2 mais plus g\u00e9n\u00e9ralement contre un (...) - Gr\u00e8ves- Actions","thumbnail_url":"http:\/\/snuipp86.fr\/wp-content\/spip\/IMG\/arton3370.jpg"}

Les droits des salarié-es ne sont pas un problème… …mais leur amélioration est la solution Loi Travail La FSU soutient le mouvement de lutte de nos camarades du privé sur la Loi travail 2, qui est beaucoup plus avantageuse pour le patronat que pour le salariat. Retrouvez le tract FSU Un rassemblement à l'appel de CGT, Solidaires, UNEF et CNT a lieu à Poitiers à 15h place du marché et à 10h à Châtellerault au kiosque, contre la Loi Travail 2 mais plus généralement contre un (...) - Grèves- Actions
