{"version":"1.0","provider_name":"FSU-SNUipp 86","provider_url":"https:\/\/snuipp86.fr","title":"PPCR et reclassement \u00e9chelon : Pensez \u00e0 v\u00e9rifier i-prof - FSU-SNUipp 86","type":"rich","width":600,"height":338,"html":"<blockquote class=\"wp-embedded-content\" data-secret=\"UqMBUCYKTs\"><a href=\"https:\/\/snuipp86.fr\/index.php\/2017\/09\/15\/ppcr-et-reclassement-chelon-pensez-vrifier-i-prof\/\">PPCR et reclassement \u00e9chelon : Pensez \u00e0 v\u00e9rifier i-prof<\/a><\/blockquote><iframe sandbox=\"allow-scripts\" security=\"restricted\" src=\"https:\/\/snuipp86.fr\/index.php\/2017\/09\/15\/ppcr-et-reclassement-chelon-pensez-vrifier-i-prof\/embed\/#?secret=UqMBUCYKTs\" width=\"600\" height=\"338\" title=\"\u00ab\u00a0PPCR et reclassement \u00e9chelon : Pensez \u00e0 v\u00e9rifier i-prof\u00a0\u00bb &#8212; FSU-SNUipp 86\" data-secret=\"UqMBUCYKTs\" frameborder=\"0\" marginwidth=\"0\" marginheight=\"0\" scrolling=\"no\" class=\"wp-embedded-content\"><\/iframe><script type=\"text\/javascript\">\n\/* <![CDATA[ *\/\n\/*! This file is auto-generated *\/\n!function(d,l){\"use strict\";l.querySelector&&d.addEventListener&&\"undefined\"!=typeof URL&&(d.wp=d.wp||{},d.wp.receiveEmbedMessage||(d.wp.receiveEmbedMessage=function(e){var t=e.data;if((t||t.secret||t.message||t.value)&&!\/[^a-zA-Z0-9]\/.test(t.secret)){for(var s,r,n,a=l.querySelectorAll('iframe[data-secret=\"'+t.secret+'\"]'),o=l.querySelectorAll('blockquote[data-secret=\"'+t.secret+'\"]'),c=new RegExp(\"^https?:$\",\"i\"),i=0;i<o.length;i++)o[i].style.display=\"none\";for(i=0;i<a.length;i++)s=a[i],e.source===s.contentWindow&&(s.removeAttribute(\"style\"),\"height\"===t.message?(1e3<(r=parseInt(t.value,10))?r=1e3:~~r<200&&(r=200),s.height=r):\"link\"===t.message&&(r=new URL(s.getAttribute(\"src\")),n=new URL(t.value),c.test(n.protocol))&&n.host===r.host&&l.activeElement===s&&(d.top.location.href=t.value))}},d.addEventListener(\"message\",d.wp.receiveEmbedMessage,!1),l.addEventListener(\"DOMContentLoaded\",function(){for(var e,t,s=l.querySelectorAll(\"iframe.wp-embedded-content\"),r=0;r<s.length;r++)(t=(e=s[r]).getAttribute(\"data-secret\"))||(t=Math.random().toString(36).substring(2,12),e.src+=\"#?secret=\"+t,e.setAttribute(\"data-secret\",t)),e.contentWindow.postMessage({message:\"ready\",secret:t},\"*\")},!1)))}(window,document);\n\/\/# sourceURL=https:\/\/snuipp86.fr\/wp-includes\/js\/wp-embed.min.js\n\/* ]]> *\/\n<\/script>\n","description":"Comme pr\u00e9vu dans les accords PPCR, dont la FSU a \u00e9t\u00e9 signataire, tous les agents ont \u00e9t\u00e9 reclass\u00e9s \u00e0 la date du 01\/09\/17 selon les modalit\u00e9s du d\u00e9cret n\u00b02017-786 du 5 mai 2017 modifiant divers d\u00e9crets portant statut particulier des personnels enseignants et d'\u00e9ducation du minist\u00e8re charg\u00e9 de l'\u00e9ducation nationale. En clair et en d\u00e9crypt\u00e9, nous invitons tous les enseignants \u00e0 aller v\u00e9rifier les donn\u00e9es concernant ce reclassement dans i-prof, et \u00e0 nous contacter si des anomalies sont (...) - Promotions \/ Promotions","thumbnail_url":"http:\/\/snuipp86.fr\/wp-content\/spip\/IMG\/arton3422.png"}

PPCR et reclassement échelon : Pensez à vérifier i-prof - FSU-SNUipp 86

<blockquote class="wp-embedded-content" data-secret="UqMBUCYKTs"><a href="https://snuipp86.fr/index.php/2017/09/15/ppcr-et-reclassement-chelon-pensez-vrifier-i-prof/">PPCR et reclassement échelon : Pensez à vérifier i-prof</a></blockquote><iframe sandbox="allow-scripts" security="restricted" src="https://snuipp86.fr/index.php/2017/09/15/ppcr-et-reclassement-chelon-pensez-vrifier-i-prof/embed/#?secret=UqMBUCYKTs" width="600" height="338" title="« PPCR et reclassement échelon : Pensez à vérifier i-prof » &#8212; FSU-SNUipp 86" data-secret="UqMBUCYKTs" frameborder="0" marginwidth="0" marginheight="0" scrolling="no" class="wp-embedded-content"></iframe><script type="text/javascript">
/* <![CDATA[ */
/*! This file is auto-generated */
!function(d,l){"use strict";l.querySelector&&d.addEventListener&&"undefined"!=typeof URL&&(d.wp=d.wp||{},d.wp.receiveEmbedMessage||(d.wp.receiveEmbedMessage=function(e){var t=e.data;if((t||t.secret||t.message||t.value)&&!/[^a-zA-Z0-9]/.test(t.secret)){for(var s,r,n,a=l.querySelectorAll('iframe[data-secret="'+t.secret+'"]'),o=l.querySelectorAll('blockquote[data-secret="'+t.secret+'"]'),c=new RegExp("^https?:$","i"),i=0;i<o.length;i++)o[i].style.display="none";for(i=0;i<a.length;i++)s=a[i],e.source===s.contentWindow&&(s.removeAttribute("style"),"height"===t.message?(1e3<(r=parseInt(t.value,10))?r=1e3:~~r<200&&(r=200),s.height=r):"link"===t.message&&(r=new URL(s.getAttribute("src")),n=new URL(t.value),c.test(n.protocol))&&n.host===r.host&&l.activeElement===s&&(d.top.location.href=t.value))}},d.addEventListener("message",d.wp.receiveEmbedMessage,!1),l.addEventListener("DOMContentLoaded",function(){for(var e,t,s=l.querySelectorAll("iframe.wp-embedded-content"),r=0;r<s.length;r++)(t=(e=s[r]).getAttribute("data-secret"))||(t=Math.random().toString(36).substring(2,12),e.src+="#?secret="+t,e.setAttribute("data-secret",t)),e.contentWindow.postMessage({message:"ready",secret:t},"*")},!1)))}(window,document);
//# sourceURL=https://snuipp86.fr/wp-includes/js/wp-embed.min.js
/* ]]> */
</script>

Comme prévu dans les accords PPCR, dont la FSU a été signataire, tous les agents ont été reclassés à la date du 01/09/17 selon les modalités du décret n°2017-786 du 5 mai 2017 modifiant divers décrets portant statut particulier des personnels enseignants et d'éducation du ministère chargé de l'éducation nationale. En clair et en décrypté, nous invitons tous les enseignants à aller vérifier les données concernant ce reclassement dans i-prof, et à nous contacter si des anomalies sont (...) - Promotions / Promotions
