{"version":"1.0","provider_name":"FSU-SNUipp 86","provider_url":"https:\/\/snuipp86.fr","title":"Budget 2018 : priorit\u00e9 au rabais pour l'\u00e9cole primaire - FSU-SNUipp 86","type":"rich","width":600,"height":338,"html":"<blockquote class=\"wp-embedded-content\" data-secret=\"wShebfjvlT\"><a href=\"https:\/\/snuipp86.fr\/index.php\/2017\/09\/30\/budget-2018-priorit-au-rabais-pour-lcole-primaire\/\">Budget 2018 : priorit\u00e9 au rabais pour l&rsquo;\u00e9cole primaire<\/a><\/blockquote><iframe sandbox=\"allow-scripts\" security=\"restricted\" src=\"https:\/\/snuipp86.fr\/index.php\/2017\/09\/30\/budget-2018-priorit-au-rabais-pour-lcole-primaire\/embed\/#?secret=wShebfjvlT\" width=\"600\" height=\"338\" title=\"\u00ab\u00a0Budget 2018 : priorit\u00e9 au rabais pour l&rsquo;\u00e9cole primaire\u00a0\u00bb &#8212; FSU-SNUipp 86\" data-secret=\"wShebfjvlT\" frameborder=\"0\" marginwidth=\"0\" marginheight=\"0\" scrolling=\"no\" class=\"wp-embedded-content\"><\/iframe><script type=\"text\/javascript\">\n\/* <![CDATA[ *\/\n\/*! This file is auto-generated *\/\n!function(d,l){\"use strict\";l.querySelector&&d.addEventListener&&\"undefined\"!=typeof URL&&(d.wp=d.wp||{},d.wp.receiveEmbedMessage||(d.wp.receiveEmbedMessage=function(e){var t=e.data;if((t||t.secret||t.message||t.value)&&!\/[^a-zA-Z0-9]\/.test(t.secret)){for(var s,r,n,a=l.querySelectorAll('iframe[data-secret=\"'+t.secret+'\"]'),o=l.querySelectorAll('blockquote[data-secret=\"'+t.secret+'\"]'),c=new RegExp(\"^https?:$\",\"i\"),i=0;i<o.length;i++)o[i].style.display=\"none\";for(i=0;i<a.length;i++)s=a[i],e.source===s.contentWindow&&(s.removeAttribute(\"style\"),\"height\"===t.message?(1e3<(r=parseInt(t.value,10))?r=1e3:~~r<200&&(r=200),s.height=r):\"link\"===t.message&&(r=new URL(s.getAttribute(\"src\")),n=new URL(t.value),c.test(n.protocol))&&n.host===r.host&&l.activeElement===s&&(d.top.location.href=t.value))}},d.addEventListener(\"message\",d.wp.receiveEmbedMessage,!1),l.addEventListener(\"DOMContentLoaded\",function(){for(var e,t,s=l.querySelectorAll(\"iframe.wp-embedded-content\"),r=0;r<s.length;r++)(t=(e=s[r]).getAttribute(\"data-secret\"))||(t=Math.random().toString(36).substring(2,12),e.src+=\"#?secret=\"+t,e.setAttribute(\"data-secret\",t)),e.contentWindow.postMessage({message:\"ready\",secret:t},\"*\")},!1)))}(window,document);\n\/\/# sourceURL=https:\/\/snuipp86.fr\/wp-includes\/js\/wp-embed.min.js\n\/* ]]> *\/\n<\/script>\n","description":"Derri\u00e8re l'augmentation annonc\u00e9e, le budget de l'\u00e9ducation n'am\u00e9liorera pas les conditions d'enseignement dans le primaire. Le d\u00e9doublement des CP n'est pas financ\u00e9, le nombre de postes au concours diminue et la suppression des emplois aid\u00e9s se confirme. - L'ACTUALIT\u00c9","thumbnail_url":"http:\/\/snuipp86.fr\/wp-content\/spip\/IMG\/arton3444.jpg"}

Budget 2018 : priorité au rabais pour l'école primaire - FSU-SNUipp 86

<blockquote class="wp-embedded-content" data-secret="wShebfjvlT"><a href="https://snuipp86.fr/index.php/2017/09/30/budget-2018-priorit-au-rabais-pour-lcole-primaire/">Budget 2018 : priorité au rabais pour l&rsquo;école primaire</a></blockquote><iframe sandbox="allow-scripts" security="restricted" src="https://snuipp86.fr/index.php/2017/09/30/budget-2018-priorit-au-rabais-pour-lcole-primaire/embed/#?secret=wShebfjvlT" width="600" height="338" title="« Budget 2018 : priorité au rabais pour l&rsquo;école primaire » &#8212; FSU-SNUipp 86" data-secret="wShebfjvlT" frameborder="0" marginwidth="0" marginheight="0" scrolling="no" class="wp-embedded-content"></iframe><script type="text/javascript">
/* <![CDATA[ */
/*! This file is auto-generated */
!function(d,l){"use strict";l.querySelector&&d.addEventListener&&"undefined"!=typeof URL&&(d.wp=d.wp||{},d.wp.receiveEmbedMessage||(d.wp.receiveEmbedMessage=function(e){var t=e.data;if((t||t.secret||t.message||t.value)&&!/[^a-zA-Z0-9]/.test(t.secret)){for(var s,r,n,a=l.querySelectorAll('iframe[data-secret="'+t.secret+'"]'),o=l.querySelectorAll('blockquote[data-secret="'+t.secret+'"]'),c=new RegExp("^https?:$","i"),i=0;i<o.length;i++)o[i].style.display="none";for(i=0;i<a.length;i++)s=a[i],e.source===s.contentWindow&&(s.removeAttribute("style"),"height"===t.message?(1e3<(r=parseInt(t.value,10))?r=1e3:~~r<200&&(r=200),s.height=r):"link"===t.message&&(r=new URL(s.getAttribute("src")),n=new URL(t.value),c.test(n.protocol))&&n.host===r.host&&l.activeElement===s&&(d.top.location.href=t.value))}},d.addEventListener("message",d.wp.receiveEmbedMessage,!1),l.addEventListener("DOMContentLoaded",function(){for(var e,t,s=l.querySelectorAll("iframe.wp-embedded-content"),r=0;r<s.length;r++)(t=(e=s[r]).getAttribute("data-secret"))||(t=Math.random().toString(36).substring(2,12),e.src+="#?secret="+t,e.setAttribute("data-secret",t)),e.contentWindow.postMessage({message:"ready",secret:t},"*")},!1)))}(window,document);
//# sourceURL=https://snuipp86.fr/wp-includes/js/wp-embed.min.js
/* ]]> */
</script>

Derrière l'augmentation annoncée, le budget de l'éducation n'améliorera pas les conditions d'enseignement dans le primaire. Le dédoublement des CP n'est pas financé, le nombre de postes au concours diminue et la suppression des emplois aidés se confirme. - L'ACTUALITÉ
