{"version":"1.0","provider_name":"FSU-SNUipp 86","provider_url":"https:\/\/snuipp86.fr","title":"Mise en \u0153uvre du Jour de carence - FSU-SNUipp 86","type":"rich","width":600,"height":338,"html":"<blockquote class=\"wp-embedded-content\" data-secret=\"ZXnKoy71gI\"><a href=\"https:\/\/snuipp86.fr\/index.php\/2018\/04\/30\/mise-en-uvre-du-jour-de-carence\/\">Mise en \u0153uvre du Jour de carence<\/a><\/blockquote><iframe sandbox=\"allow-scripts\" security=\"restricted\" src=\"https:\/\/snuipp86.fr\/index.php\/2018\/04\/30\/mise-en-uvre-du-jour-de-carence\/embed\/#?secret=ZXnKoy71gI\" width=\"600\" height=\"338\" title=\"\u00ab\u00a0Mise en \u0153uvre du Jour de carence\u00a0\u00bb &#8212; FSU-SNUipp 86\" data-secret=\"ZXnKoy71gI\" frameborder=\"0\" marginwidth=\"0\" marginheight=\"0\" scrolling=\"no\" class=\"wp-embedded-content\"><\/iframe><script type=\"text\/javascript\">\n\/* <![CDATA[ *\/\n\/*! This file is auto-generated *\/\n!function(d,l){\"use strict\";l.querySelector&&d.addEventListener&&\"undefined\"!=typeof URL&&(d.wp=d.wp||{},d.wp.receiveEmbedMessage||(d.wp.receiveEmbedMessage=function(e){var t=e.data;if((t||t.secret||t.message||t.value)&&!\/[^a-zA-Z0-9]\/.test(t.secret)){for(var s,r,n,a=l.querySelectorAll('iframe[data-secret=\"'+t.secret+'\"]'),o=l.querySelectorAll('blockquote[data-secret=\"'+t.secret+'\"]'),c=new RegExp(\"^https?:$\",\"i\"),i=0;i<o.length;i++)o[i].style.display=\"none\";for(i=0;i<a.length;i++)s=a[i],e.source===s.contentWindow&&(s.removeAttribute(\"style\"),\"height\"===t.message?(1e3<(r=parseInt(t.value,10))?r=1e3:~~r<200&&(r=200),s.height=r):\"link\"===t.message&&(r=new URL(s.getAttribute(\"src\")),n=new URL(t.value),c.test(n.protocol))&&n.host===r.host&&l.activeElement===s&&(d.top.location.href=t.value))}},d.addEventListener(\"message\",d.wp.receiveEmbedMessage,!1),l.addEventListener(\"DOMContentLoaded\",function(){for(var e,t,s=l.querySelectorAll(\"iframe.wp-embedded-content\"),r=0;r<s.length;r++)(t=(e=s[r]).getAttribute(\"data-secret\"))||(t=Math.random().toString(36).substring(2,12),e.src+=\"#?secret=\"+t,e.setAttribute(\"data-secret\",t)),e.contentWindow.postMessage({message:\"ready\",secret:t},\"*\")},!1)))}(window,document);\n\/\/# sourceURL=https:\/\/snuipp86.fr\/wp-includes\/js\/wp-embed.min.js\n\/* ]]> *\/\n<\/script>\n","description":"La circulaire du minist\u00e8re de l'action et des comptes publics du 15 f\u00e9vrier 2018 concernant la r\u00e9introduction du jour de carence a \u00e9t\u00e9 publi\u00e9e. Elle porte application de l'article 115 de la loi 2017-1837 du 30 d\u00e9cembre 2017 (loi de finances pour 2018). Le SNUipp avec la FSU reste oppos\u00e9 \u00e0 cette mesure injuste et inefficace, et demande le retrait de la journ\u00e9e de carence. Le principe g\u00e9n\u00e9ral Les agents publics (fonctionnaires titulaires et stagiaires, agents contractuels de droit public) (...) - Sant\u00e9 \/ Salaires, indemnit\u00e9s, primes ., Sant\u00e9","thumbnail_url":"http:\/\/snuipp86.fr\/wp-content\/spip\/IMG\/arton3908.jpg"}

Mise en œuvre du Jour de carence - FSU-SNUipp 86

<blockquote class="wp-embedded-content" data-secret="ZXnKoy71gI"><a href="https://snuipp86.fr/index.php/2018/04/30/mise-en-uvre-du-jour-de-carence/">Mise en œuvre du Jour de carence</a></blockquote><iframe sandbox="allow-scripts" security="restricted" src="https://snuipp86.fr/index.php/2018/04/30/mise-en-uvre-du-jour-de-carence/embed/#?secret=ZXnKoy71gI" width="600" height="338" title="« Mise en œuvre du Jour de carence » &#8212; FSU-SNUipp 86" data-secret="ZXnKoy71gI" frameborder="0" marginwidth="0" marginheight="0" scrolling="no" class="wp-embedded-content"></iframe><script type="text/javascript">
/* <![CDATA[ */
/*! This file is auto-generated */
!function(d,l){"use strict";l.querySelector&&d.addEventListener&&"undefined"!=typeof URL&&(d.wp=d.wp||{},d.wp.receiveEmbedMessage||(d.wp.receiveEmbedMessage=function(e){var t=e.data;if((t||t.secret||t.message||t.value)&&!/[^a-zA-Z0-9]/.test(t.secret)){for(var s,r,n,a=l.querySelectorAll('iframe[data-secret="'+t.secret+'"]'),o=l.querySelectorAll('blockquote[data-secret="'+t.secret+'"]'),c=new RegExp("^https?:$","i"),i=0;i<o.length;i++)o[i].style.display="none";for(i=0;i<a.length;i++)s=a[i],e.source===s.contentWindow&&(s.removeAttribute("style"),"height"===t.message?(1e3<(r=parseInt(t.value,10))?r=1e3:~~r<200&&(r=200),s.height=r):"link"===t.message&&(r=new URL(s.getAttribute("src")),n=new URL(t.value),c.test(n.protocol))&&n.host===r.host&&l.activeElement===s&&(d.top.location.href=t.value))}},d.addEventListener("message",d.wp.receiveEmbedMessage,!1),l.addEventListener("DOMContentLoaded",function(){for(var e,t,s=l.querySelectorAll("iframe.wp-embedded-content"),r=0;r<s.length;r++)(t=(e=s[r]).getAttribute("data-secret"))||(t=Math.random().toString(36).substring(2,12),e.src+="#?secret="+t,e.setAttribute("data-secret",t)),e.contentWindow.postMessage({message:"ready",secret:t},"*")},!1)))}(window,document);
//# sourceURL=https://snuipp86.fr/wp-includes/js/wp-embed.min.js
/* ]]> */
</script>

La circulaire du ministère de l'action et des comptes publics du 15 février 2018 concernant la réintroduction du jour de carence a été publiée. Elle porte application de l'article 115 de la loi 2017-1837 du 30 décembre 2017 (loi de finances pour 2018). Le SNUipp avec la FSU reste opposé à cette mesure injuste et inefficace, et demande le retrait de la journée de carence. Le principe général Les agents publics (fonctionnaires titulaires et stagiaires, agents contractuels de droit public) (...) - Santé / Salaires, indemnités, primes ., Santé
