{"version":"1.0","provider_name":"FSU-SNUipp 86","provider_url":"https:\/\/snuipp86.fr","title":"D\u00e9fense des droits des personnels bafou\u00e9e ! - FSU-SNUipp 86","type":"rich","width":600,"height":338,"html":"<blockquote class=\"wp-embedded-content\" data-secret=\"rxIMmvnEH1\"><a href=\"https:\/\/snuipp86.fr\/index.php\/2018\/06\/04\/dfense-des-droits-des-personnels-bafoue\/\">D\u00e9fense des droits des personnels bafou\u00e9e !<\/a><\/blockquote><iframe sandbox=\"allow-scripts\" security=\"restricted\" src=\"https:\/\/snuipp86.fr\/index.php\/2018\/06\/04\/dfense-des-droits-des-personnels-bafoue\/embed\/#?secret=rxIMmvnEH1\" width=\"600\" height=\"338\" title=\"\u00ab\u00a0D\u00e9fense des droits des personnels bafou\u00e9e !\u00a0\u00bb &#8212; FSU-SNUipp 86\" data-secret=\"rxIMmvnEH1\" frameborder=\"0\" marginwidth=\"0\" marginheight=\"0\" scrolling=\"no\" class=\"wp-embedded-content\"><\/iframe><script type=\"text\/javascript\">\n\/* <![CDATA[ *\/\n\/*! This file is auto-generated *\/\n!function(d,l){\"use strict\";l.querySelector&&d.addEventListener&&\"undefined\"!=typeof URL&&(d.wp=d.wp||{},d.wp.receiveEmbedMessage||(d.wp.receiveEmbedMessage=function(e){var t=e.data;if((t||t.secret||t.message||t.value)&&!\/[^a-zA-Z0-9]\/.test(t.secret)){for(var s,r,n,a=l.querySelectorAll('iframe[data-secret=\"'+t.secret+'\"]'),o=l.querySelectorAll('blockquote[data-secret=\"'+t.secret+'\"]'),c=new RegExp(\"^https?:$\",\"i\"),i=0;i<o.length;i++)o[i].style.display=\"none\";for(i=0;i<a.length;i++)s=a[i],e.source===s.contentWindow&&(s.removeAttribute(\"style\"),\"height\"===t.message?(1e3<(r=parseInt(t.value,10))?r=1e3:~~r<200&&(r=200),s.height=r):\"link\"===t.message&&(r=new URL(s.getAttribute(\"src\")),n=new URL(t.value),c.test(n.protocol))&&n.host===r.host&&l.activeElement===s&&(d.top.location.href=t.value))}},d.addEventListener(\"message\",d.wp.receiveEmbedMessage,!1),l.addEventListener(\"DOMContentLoaded\",function(){for(var e,t,s=l.querySelectorAll(\"iframe.wp-embedded-content\"),r=0;r<s.length;r++)(t=(e=s[r]).getAttribute(\"data-secret\"))||(t=Math.random().toString(36).substring(2,12),e.src+=\"#?secret=\"+t,e.setAttribute(\"data-secret\",t)),e.contentWindow.postMessage({message:\"ready\",secret:t},\"*\")},!1)))}(window,document);\n\/\/# sourceURL=https:\/\/snuipp86.fr\/wp-includes\/js\/wp-embed.min.js\n\/* ]]> *\/\n<\/script>\n","description":"Le projet pr\u00e9sent\u00e9 par le gouvernement dans le cadre de la concertation Action Publique 2022 r\u00e9duit consid\u00e9rablement le r\u00f4le des commissions administratives paritaires. Inacceptable pour le SNUipp et la FSU qui d\u00e9noncent cette volont\u00e9 de s'affranchir du contr\u00f4le des \u00e9lus du personnel, essentiel pour assurer la transparence et la r\u00e9gularit\u00e9 de toutes les op\u00e9rations qui concernent la mobilit\u00e9 et la carri\u00e8re de chaque agent de la Fonction publique. - L'ACTUALIT\u00c9","thumbnail_url":"http:\/\/snuipp86.fr\/wp-content\/spip\/IMG\/arton3954.jpg"}

Défense des droits des personnels bafouée ! - FSU-SNUipp 86

<blockquote class="wp-embedded-content" data-secret="rxIMmvnEH1"><a href="https://snuipp86.fr/index.php/2018/06/04/dfense-des-droits-des-personnels-bafoue/">Défense des droits des personnels bafouée !</a></blockquote><iframe sandbox="allow-scripts" security="restricted" src="https://snuipp86.fr/index.php/2018/06/04/dfense-des-droits-des-personnels-bafoue/embed/#?secret=rxIMmvnEH1" width="600" height="338" title="« Défense des droits des personnels bafouée ! » &#8212; FSU-SNUipp 86" data-secret="rxIMmvnEH1" frameborder="0" marginwidth="0" marginheight="0" scrolling="no" class="wp-embedded-content"></iframe><script type="text/javascript">
/* <![CDATA[ */
/*! This file is auto-generated */
!function(d,l){"use strict";l.querySelector&&d.addEventListener&&"undefined"!=typeof URL&&(d.wp=d.wp||{},d.wp.receiveEmbedMessage||(d.wp.receiveEmbedMessage=function(e){var t=e.data;if((t||t.secret||t.message||t.value)&&!/[^a-zA-Z0-9]/.test(t.secret)){for(var s,r,n,a=l.querySelectorAll('iframe[data-secret="'+t.secret+'"]'),o=l.querySelectorAll('blockquote[data-secret="'+t.secret+'"]'),c=new RegExp("^https?:$","i"),i=0;i<o.length;i++)o[i].style.display="none";for(i=0;i<a.length;i++)s=a[i],e.source===s.contentWindow&&(s.removeAttribute("style"),"height"===t.message?(1e3<(r=parseInt(t.value,10))?r=1e3:~~r<200&&(r=200),s.height=r):"link"===t.message&&(r=new URL(s.getAttribute("src")),n=new URL(t.value),c.test(n.protocol))&&n.host===r.host&&l.activeElement===s&&(d.top.location.href=t.value))}},d.addEventListener("message",d.wp.receiveEmbedMessage,!1),l.addEventListener("DOMContentLoaded",function(){for(var e,t,s=l.querySelectorAll("iframe.wp-embedded-content"),r=0;r<s.length;r++)(t=(e=s[r]).getAttribute("data-secret"))||(t=Math.random().toString(36).substring(2,12),e.src+="#?secret="+t,e.setAttribute("data-secret",t)),e.contentWindow.postMessage({message:"ready",secret:t},"*")},!1)))}(window,document);
//# sourceURL=https://snuipp86.fr/wp-includes/js/wp-embed.min.js
/* ]]> */
</script>

Le projet présenté par le gouvernement dans le cadre de la concertation Action Publique 2022 réduit considérablement le rôle des commissions administratives paritaires. Inacceptable pour le SNUipp et la FSU qui dénoncent cette volonté de s'affranchir du contrôle des élus du personnel, essentiel pour assurer la transparence et la régularité de toutes les opérations qui concernent la mobilité et la carrière de chaque agent de la Fonction publique. - L'ACTUALITÉ
