{"version":"1.0","provider_name":"FSU-SNUipp 86","provider_url":"https:\/\/snuipp86.fr","title":"La Vienne en alerte sociale ! - FSU-SNUipp 86","type":"rich","width":600,"height":338,"html":"<blockquote class=\"wp-embedded-content\" data-secret=\"DJz3AjiZq5\"><a href=\"https:\/\/snuipp86.fr\/index.php\/2023\/11\/28\/la-vienne-en-alerte-sociale\/\">La Vienne en alerte sociale !<\/a><\/blockquote><iframe sandbox=\"allow-scripts\" security=\"restricted\" src=\"https:\/\/snuipp86.fr\/index.php\/2023\/11\/28\/la-vienne-en-alerte-sociale\/embed\/#?secret=DJz3AjiZq5\" width=\"600\" height=\"338\" title=\"\u00ab\u00a0La Vienne en alerte sociale !\u00a0\u00bb &#8212; FSU-SNUipp 86\" data-secret=\"DJz3AjiZq5\" frameborder=\"0\" marginwidth=\"0\" marginheight=\"0\" scrolling=\"no\" class=\"wp-embedded-content\"><\/iframe><script type=\"text\/javascript\">\n\/* <![CDATA[ *\/\n\/*! This file is auto-generated *\/\n!function(d,l){\"use strict\";l.querySelector&&d.addEventListener&&\"undefined\"!=typeof URL&&(d.wp=d.wp||{},d.wp.receiveEmbedMessage||(d.wp.receiveEmbedMessage=function(e){var t=e.data;if((t||t.secret||t.message||t.value)&&!\/[^a-zA-Z0-9]\/.test(t.secret)){for(var s,r,n,a=l.querySelectorAll('iframe[data-secret=\"'+t.secret+'\"]'),o=l.querySelectorAll('blockquote[data-secret=\"'+t.secret+'\"]'),c=new RegExp(\"^https?:$\",\"i\"),i=0;i<o.length;i++)o[i].style.display=\"none\";for(i=0;i<a.length;i++)s=a[i],e.source===s.contentWindow&&(s.removeAttribute(\"style\"),\"height\"===t.message?(1e3<(r=parseInt(t.value,10))?r=1e3:~~r<200&&(r=200),s.height=r):\"link\"===t.message&&(r=new URL(s.getAttribute(\"src\")),n=new URL(t.value),c.test(n.protocol))&&n.host===r.host&&l.activeElement===s&&(d.top.location.href=t.value))}},d.addEventListener(\"message\",d.wp.receiveEmbedMessage,!1),l.addEventListener(\"DOMContentLoaded\",function(){for(var e,t,s=l.querySelectorAll(\"iframe.wp-embedded-content\"),r=0;r<s.length;r++)(t=(e=s[r]).getAttribute(\"data-secret\"))||(t=Math.random().toString(36).substring(2,12),e.src+=\"#?secret=\"+t,e.setAttribute(\"data-secret\",t)),e.contentWindow.postMessage({message:\"ready\",secret:t},\"*\")},!1)))}(window,document);\n\/\/# sourceURL=https:\/\/snuipp86.fr\/wp-includes\/js\/wp-embed.min.js\n\/* ]]> *\/\n<\/script>\n","thumbnail_url":"https:\/\/snuipp86.fr\/wp-content\/uploads\/2023\/11\/Visuels-1.png","thumbnail_width":940,"thumbnail_height":517,"description":"La FSU-SNUipp 86\u00a0 a d\u00e9pos\u00e9 le 28 novembre, comme dans tous les autres d\u00e9partements fran\u00e7ais, une alerte sociale, pr\u00e9alable \u00e0 un d\u00e9p\u00f4t de pr\u00e9avis de gr\u00e8ve, pour d\u00e9noncer les conditions de travail d\u00e9grad\u00e9es des personnels de l\u2019\u00e9ducation nationale qui travaillent dans le 1er degr\u00e9. La FSU-SNUipp attend des r\u00e9ponses concr\u00e8tes, tant au niveau national qu\u2019au niveau [&hellip;]"}

La FSU-SNUipp 86  a déposé le 28 novembre, comme dans tous les autres départements français, une alerte sociale, préalable à un dépôt de préavis de grève, pour dénoncer les conditions de travail dégradées des personnels de l’éducation nationale qui travaillent dans le 1er degré. La FSU-SNUipp attend des réponses concrètes, tant au niveau national qu’au niveau [&hellip;]
