{"version":"1.0","provider_name":"FSU-SNUipp 86","provider_url":"https:\/\/snuipp86.fr","title":"Carte s'col\u00e8re 2026 : mobilisation le 31 mars, gr\u00e8ves et revendications ... - FSU-SNUipp 86","type":"rich","width":600,"height":338,"html":"<blockquote class=\"wp-embedded-content\" data-secret=\"4kKcnwqlEo\"><a href=\"https:\/\/snuipp86.fr\/index.php\/2026\/03\/16\/carte-scolere-2026-mobilisation-le-26-mars-greves\/\">Carte s&rsquo;col\u00e8re 2026 : mobilisation le 31 mars, gr\u00e8ves et revendications &#8230;<\/a><\/blockquote><iframe sandbox=\"allow-scripts\" security=\"restricted\" src=\"https:\/\/snuipp86.fr\/index.php\/2026\/03\/16\/carte-scolere-2026-mobilisation-le-26-mars-greves\/embed\/#?secret=4kKcnwqlEo\" width=\"600\" height=\"338\" title=\"\u00ab\u00a0Carte s&rsquo;col\u00e8re 2026 : mobilisation le 31 mars, gr\u00e8ves et revendications &#8230;\u00a0\u00bb &#8212; FSU-SNUipp 86\" data-secret=\"4kKcnwqlEo\" frameborder=\"0\" marginwidth=\"0\" marginheight=\"0\" scrolling=\"no\" class=\"wp-embedded-content\"><\/iframe><script type=\"text\/javascript\">\n\/* <![CDATA[ *\/\n\/*! This file is auto-generated *\/\n!function(d,l){\"use strict\";l.querySelector&&d.addEventListener&&\"undefined\"!=typeof URL&&(d.wp=d.wp||{},d.wp.receiveEmbedMessage||(d.wp.receiveEmbedMessage=function(e){var t=e.data;if((t||t.secret||t.message||t.value)&&!\/[^a-zA-Z0-9]\/.test(t.secret)){for(var s,r,n,a=l.querySelectorAll('iframe[data-secret=\"'+t.secret+'\"]'),o=l.querySelectorAll('blockquote[data-secret=\"'+t.secret+'\"]'),c=new RegExp(\"^https?:$\",\"i\"),i=0;i<o.length;i++)o[i].style.display=\"none\";for(i=0;i<a.length;i++)s=a[i],e.source===s.contentWindow&&(s.removeAttribute(\"style\"),\"height\"===t.message?(1e3<(r=parseInt(t.value,10))?r=1e3:~~r<200&&(r=200),s.height=r):\"link\"===t.message&&(r=new URL(s.getAttribute(\"src\")),n=new URL(t.value),c.test(n.protocol))&&n.host===r.host&&l.activeElement===s&&(d.top.location.href=t.value))}},d.addEventListener(\"message\",d.wp.receiveEmbedMessage,!1),l.addEventListener(\"DOMContentLoaded\",function(){for(var e,t,s=l.querySelectorAll(\"iframe.wp-embedded-content\"),r=0;r<s.length;r++)(t=(e=s[r]).getAttribute(\"data-secret\"))||(t=Math.random().toString(36).substring(2,12),e.src+=\"#?secret=\"+t,e.setAttribute(\"data-secret\",t)),e.contentWindow.postMessage({message:\"ready\",secret:t},\"*\")},!1)))}(window,document);\n\/\/# sourceURL=https:\/\/snuipp86.fr\/wp-includes\/js\/wp-embed.min.js\n\/* ]]> *\/\n<\/script>\n","thumbnail_url":"https:\/\/snuipp86.fr\/wp-content\/uploads\/2026\/03\/ecolecestnouss.png","thumbnail_width":369,"thumbnail_height":136,"description":"Suite \u00e0 la mobilisation r\u00e9ussie du jeudi 26 mars 2026 devant le Rectorat de Poitiers, l\u2019intersyndicale \u00e9ducation appelle nationalement et localement \u00e0 une journ\u00e9e d\u2019action mardi 31 mars pour exiger des moyens pour le Service Public d\u2019\u00e9ducation.A Poitiers, Rassemblement : rendez-vous \u00e0 16h30 au Pont des revendications (Pont Neuf)A Montmorillon, Rassemblement : rendez-vous \u00e0 12h30 devant [&hellip;]"}

Carte s'colère 2026 : mobilisation le 31 mars, grèves et revendications ... - FSU-SNUipp 86

<blockquote class="wp-embedded-content" data-secret="4kKcnwqlEo"><a href="https://snuipp86.fr/index.php/2026/03/16/carte-scolere-2026-mobilisation-le-26-mars-greves/">Carte s&rsquo;colère 2026 : mobilisation le 31 mars, grèves et revendications &#8230;</a></blockquote><iframe sandbox="allow-scripts" security="restricted" src="https://snuipp86.fr/index.php/2026/03/16/carte-scolere-2026-mobilisation-le-26-mars-greves/embed/#?secret=4kKcnwqlEo" width="600" height="338" title="« Carte s&rsquo;colère 2026 : mobilisation le 31 mars, grèves et revendications &#8230; » &#8212; FSU-SNUipp 86" data-secret="4kKcnwqlEo" frameborder="0" marginwidth="0" marginheight="0" scrolling="no" class="wp-embedded-content"></iframe><script type="text/javascript">
/* <![CDATA[ */
/*! This file is auto-generated */
!function(d,l){"use strict";l.querySelector&&d.addEventListener&&"undefined"!=typeof URL&&(d.wp=d.wp||{},d.wp.receiveEmbedMessage||(d.wp.receiveEmbedMessage=function(e){var t=e.data;if((t||t.secret||t.message||t.value)&&!/[^a-zA-Z0-9]/.test(t.secret)){for(var s,r,n,a=l.querySelectorAll('iframe[data-secret="'+t.secret+'"]'),o=l.querySelectorAll('blockquote[data-secret="'+t.secret+'"]'),c=new RegExp("^https?:$","i"),i=0;i<o.length;i++)o[i].style.display="none";for(i=0;i<a.length;i++)s=a[i],e.source===s.contentWindow&&(s.removeAttribute("style"),"height"===t.message?(1e3<(r=parseInt(t.value,10))?r=1e3:~~r<200&&(r=200),s.height=r):"link"===t.message&&(r=new URL(s.getAttribute("src")),n=new URL(t.value),c.test(n.protocol))&&n.host===r.host&&l.activeElement===s&&(d.top.location.href=t.value))}},d.addEventListener("message",d.wp.receiveEmbedMessage,!1),l.addEventListener("DOMContentLoaded",function(){for(var e,t,s=l.querySelectorAll("iframe.wp-embedded-content"),r=0;r<s.length;r++)(t=(e=s[r]).getAttribute("data-secret"))||(t=Math.random().toString(36).substring(2,12),e.src+="#?secret="+t,e.setAttribute("data-secret",t)),e.contentWindow.postMessage({message:"ready",secret:t},"*")},!1)))}(window,document);
//# sourceURL=https://snuipp86.fr/wp-includes/js/wp-embed.min.js
/* ]]> */
</script>

Suite à la mobilisation réussie du jeudi 26 mars 2026 devant le Rectorat de Poitiers, l’intersyndicale éducation appelle nationalement et localement à une journée d’action mardi 31 mars pour exiger des moyens pour le Service Public d’éducation.A Poitiers, Rassemblement : rendez-vous à 16h30 au Pont des revendications (Pont Neuf)A Montmorillon, Rassemblement : rendez-vous à 12h30 devant [&hellip;]
