{"id":7,"date":"2019-08-28T10:27:33","date_gmt":"2019-08-28T08:27:33","guid":{"rendered":"http:\/\/snuipp86.fr\/wp\/?page_id=7"},"modified":"2019-11-22T18:41:00","modified_gmt":"2019-11-22T17:41:00","slug":"accueil","status":"publish","type":"page","link":"https:\/\/snuipp86.fr\/","title":{"rendered":"Accueil"},"content":{"rendered":"<div class=\"fusion-fullwidth fullwidth-box fusion-builder-row-1 nonhundred-percent-fullwidth non-hundred-percent-height-scrolling\" style=\"background-color: #f7f7f7;background-position: center center;background-repeat: no-repeat;padding-top:1em;padding-right:1em;padding-bottom:1em;padding-left:1em;margin-bottom: 0px;margin-top: 0px;border-width: 0px 0px 0px 0px;border-color:#eae9e9;border-style:solid;\" ><div class=\"fusion-builder-row fusion-row\"><div class=\"fusion-layout-column fusion_builder_column fusion-builder-column-0 fusion_builder_column_2_3 2_3 fusion-two-third fusion-column-first\" style=\"width:66.666666666667%;width:calc(66.666666666667% - ( ( 4% ) * 0.66666666666667 ) );margin-right: 4%;margin-top:0px;margin-bottom:20px;\"><div class=\"fusion-column-wrapper fusion-flex-column-wrapper-legacy\" style=\"background-position:left top;background-repeat:no-repeat;-webkit-background-size:cover;-moz-background-size:cover;-o-background-size:cover;background-size:cover;padding: 0px 0px 0px 0px;\"><style type=\"text\/css\"><\/style><div class=\"fusion-title title fusion-title-1 fusion-sep-none fusion-title-text fusion-title-size-one\" style=\"margin-top:0px;margin-right:0px;margin-bottom:30px;margin-left:0px;\"><h1 class=\"title-heading-left fusion-responsive-typography-calculated\" style=\"margin:0;--fontSize:33;line-height:1.45;\">\u00c0 LA UNE<\/h1><\/div><div class=\"fusion-sep-clear\"><\/div><div class=\"fusion-separator fusion-full-width-sep\" style=\"margin-left: auto;margin-right: auto;margin-top:2em;margin-bottom:2em;width:100%;\"><div class=\"fusion-separator-border sep-double sep-solid\" style=\"border-color:#e0dede;border-top-width:1px;border-bottom-width:1px;\"><\/div><\/div><div class=\"fusion-sep-clear\"><\/div><div class=\"fusion-recent-posts fusion-recent-posts-1 avada-container layout-thumbnails-on-side layout-columns-1\"><section class=\"fusion-columns columns fusion-columns-1 columns-1\"><article class=\"post fusion-column column col col-lg-12 col-md-12 col-sm-12\"><div class=\"fusion-flexslider fusion-flexslider-loading flexslider floated-slideshow flexslider-hover-type-none\"><ul class=\"slides\"><li><a href=\"https:\/\/snuipp86.fr\/index.php\/2026\/04\/27\/1er-mai-en-vienne\/\" aria-label=\"1er mai en Vienne !\" class=\"hover-type-none\"><img decoding=\"async\" width=\"177\" height=\"142\" src=\"https:\/\/snuipp86.fr\/wp-content\/uploads\/2024\/04\/premeir_mai-177x142.jpg\" class=\"attachment-portfolio-five size-portfolio-five\" alt=\"\" \/><\/a><\/li><\/ul><\/div><div class=\"recent-posts-content\"><span class=\"vcard\" style=\"display: none;\"><span class=\"fn\"><a href=\"https:\/\/snuipp86.fr\/index.php\/author\/wp86admin\/\" title=\"Articles par WP86Admin\" rel=\"author\">WP86Admin<\/a><\/span><\/span><span class=\"updated\" style=\"display:none;\">2026-04-27T09:53:54+02:00<\/span><h4 class=\"entry-title\"><a href=\"https:\/\/snuipp86.fr\/index.php\/2026\/04\/27\/1er-mai-en-vienne\/\">1er mai en Vienne !<\/a><\/h4><p>Communiqu\u00e9s, rassemblements, histoire<\/p><\/div><\/article><article class=\"post fusion-column column col col-lg-12 col-md-12 col-sm-12\"><div class=\"fusion-flexslider fusion-flexslider-loading flexslider floated-slideshow flexslider-hover-type-none\"><ul class=\"slides\"><li><a href=\"https:\/\/snuipp86.fr\/index.php\/2026\/04\/26\/mouvement-2026-partageons-les-infos\/\" aria-label=\"Mouvement 2026 : partageons les infos !!!\" class=\"hover-type-none\"><img decoding=\"async\" width=\"177\" height=\"142\" src=\"https:\/\/snuipp86.fr\/wp-content\/uploads\/2026\/04\/mouvement_2026-177x142.png\" class=\"attachment-portfolio-five size-portfolio-five\" alt=\"\" \/><\/a><\/li><\/ul><\/div><div class=\"recent-posts-content\"><span class=\"vcard\" style=\"display: none;\"><span class=\"fn\"><a href=\"https:\/\/snuipp86.fr\/index.php\/author\/mmenaut\/\" title=\"Articles par Matthieu Menaut\" rel=\"author\">Matthieu Menaut<\/a><\/span><\/span><span class=\"updated\" style=\"display:none;\">2026-04-26T08:16:44+02:00<\/span><h4 class=\"entry-title\"><a href=\"https:\/\/snuipp86.fr\/index.php\/2026\/04\/26\/mouvement-2026-partageons-les-infos\/\">Mouvement 2026 : partageons les infos !!!<\/a><\/h4><p>La FSU-SNUpp 86 vous propose cet espace pour partager les infos pour le mouvement 2026, qui se d\u00e9roule du 15 au 27 avril 16h. Indiquez une info A travers ce formulaire, la FSU-SNUipp 86 vous propose de partager vos infos [...]<\/p><\/div><\/article><article class=\"post fusion-column column col col-lg-12 col-md-12 col-sm-12\"><div class=\"fusion-flexslider fusion-flexslider-loading flexslider floated-slideshow flexslider-hover-type-none\"><ul class=\"slides\"><li><a href=\"https:\/\/snuipp86.fr\/index.php\/2026\/04\/24\/28041\/\" aria-label=\"Mouvement et poste de rempla\u00e7ant-es : gestion circo, d\u00e9partementale ou ASH ?\" class=\"hover-type-none\"><img decoding=\"async\" width=\"177\" height=\"142\" src=\"https:\/\/snuipp86.fr\/wp-content\/uploads\/2020\/09\/zil-bd-177x142.jpg\" class=\"attachment-portfolio-five size-portfolio-five\" alt=\"\" \/><\/a><\/li><\/ul><\/div><div class=\"recent-posts-content\"><span class=\"vcard\" style=\"display: none;\"><span class=\"fn\"><a href=\"https:\/\/snuipp86.fr\/index.php\/author\/mmenaut\/\" title=\"Articles par Matthieu Menaut\" rel=\"author\">Matthieu Menaut<\/a><\/span><\/span><span class=\"updated\" style=\"display:none;\">2026-04-26T08:20:34+02:00<\/span><h4 class=\"entry-title\"><a href=\"https:\/\/snuipp86.fr\/index.php\/2026\/04\/24\/28041\/\">Mouvement et poste de rempla\u00e7ant-es : gestion circo, d\u00e9partementale ou ASH ?<\/a><\/h4><p>Les postes de remplacement ont chang\u00e9 nationalement de codage ... ce qui permet plus difficilement de les distinguer au mouvement. Dans la Vienne, nous gardons 3 gestions de remplacements : les rempla\u00e7ant-es g\u00e9r\u00e9s par la circo ASH les rempla\u00e7ant-es g\u00e9r\u00e9s [...]<\/p><\/div><\/article><article class=\"post fusion-column column col col-lg-12 col-md-12 col-sm-12\"><div class=\"fusion-flexslider fusion-flexslider-loading flexslider floated-slideshow flexslider-hover-type-none\"><ul class=\"slides\"><li><a href=\"https:\/\/snuipp86.fr\/index.php\/2026\/04\/20\/crpe-2026-postes-reserves-aux-stagiaires-2026-27\/\" aria-label=\"CRPE 2026 : postes r\u00e9serv\u00e9s aux stagiaires 2026\/27\" class=\"hover-type-none\"><img decoding=\"async\" width=\"177\" height=\"142\" src=\"https:\/\/snuipp86.fr\/wp-content\/uploads\/2025\/06\/pes2-177x142.jpg\" class=\"attachment-portfolio-five size-portfolio-five\" alt=\"\" \/><\/a><\/li><\/ul><\/div><div class=\"recent-posts-content\"><span class=\"vcard\" style=\"display: none;\"><span class=\"fn\"><a href=\"https:\/\/snuipp86.fr\/index.php\/author\/mmenaut\/\" title=\"Articles par Matthieu Menaut\" rel=\"author\">Matthieu Menaut<\/a><\/span><\/span><span class=\"updated\" style=\"display:none;\">2026-04-28T10:29:10+02:00<\/span><h4 class=\"entry-title\"><a href=\"https:\/\/snuipp86.fr\/index.php\/2026\/04\/20\/crpe-2026-postes-reserves-aux-stagiaires-2026-27\/\">CRPE 2026 : postes r\u00e9serv\u00e9s aux stagiaires 2026\/27<\/a><\/h4><p>Voici la liste pr\u00e9visionnelle pour les supports stagiaires 2026\/27 de la Vienne. Celle-ci n'est pas d\u00e9finitive et va \u00e9voluer. ANGLIERS E.P.PU AVAILLES EN CHATELLERAULT E.P.PU ROGER MORIN (en attente) AVANTON E.E.PU LA ROSE DES VENTS BERUGES E.P.PU C. ET D. [...]<\/p><\/div><\/article><article class=\"post fusion-column column col col-lg-12 col-md-12 col-sm-12\"><div class=\"fusion-flexslider fusion-flexslider-loading flexslider floated-slideshow flexslider-hover-type-none\"><ul class=\"slides\"><li><a href=\"https:\/\/snuipp86.fr\/index.php\/2026\/04\/20\/mouvement-2026-liste-officielle-de-tous-les-postes\/\" aria-label=\"Mouvement 2026 : liste de tous les postes de l&rsquo;application Mouvement\" class=\"hover-type-none\"><img decoding=\"async\" width=\"177\" height=\"142\" src=\"https:\/\/snuipp86.fr\/wp-content\/uploads\/2022\/12\/demarches-177x142.gif\" class=\"attachment-portfolio-five size-portfolio-five\" alt=\"\" \/><\/a><\/li><\/ul><\/div><div class=\"recent-posts-content\"><span class=\"vcard\" style=\"display: none;\"><span class=\"fn\"><a href=\"https:\/\/snuipp86.fr\/index.php\/author\/mmenaut\/\" title=\"Articles par Matthieu Menaut\" rel=\"author\">Matthieu Menaut<\/a><\/span><\/span><span class=\"updated\" style=\"display:none;\">2026-04-20T10:53:43+02:00<\/span><h4 class=\"entry-title\"><a href=\"https:\/\/snuipp86.fr\/index.php\/2026\/04\/20\/mouvement-2026-liste-officielle-de-tous-les-postes\/\">Mouvement 2026 : liste de tous les postes de l&rsquo;application Mouvement<\/a><\/h4><p>Voici la liste des postes au mouvement 2026 r\u00e9alis\u00e9e par les membres de la FSU-SNUipp 86. Ce sont des listes organis\u00e9es par circonscription. Pour les syndiqu\u00e9-es, la liste en format tableur a \u00e9t\u00e9 envoy\u00e9e (ce vendredi 17 avril) pour pouvoir [...]<\/p><\/div><\/article><article class=\"post fusion-column column col col-lg-12 col-md-12 col-sm-12\"><div class=\"fusion-flexslider fusion-flexslider-loading flexslider floated-slideshow flexslider-hover-type-none\"><ul class=\"slides\"><li><a href=\"https:\/\/snuipp86.fr\/index.php\/2026\/04\/19\/carte-s-colere-2026-les-actions-en-cours\/\" aria-label=\"Carte s-col\u00e8re 2026 : les actions en cours\" class=\"hover-type-none\"><img decoding=\"async\" width=\"177\" height=\"142\" src=\"https:\/\/snuipp86.fr\/wp-content\/uploads\/2025\/01\/mobilisations-177x142.jpg\" class=\"attachment-portfolio-five size-portfolio-five\" alt=\"\" \/><\/a><\/li><\/ul><\/div><div class=\"recent-posts-content\"><span class=\"vcard\" style=\"display: none;\"><span class=\"fn\"><a href=\"https:\/\/snuipp86.fr\/index.php\/author\/mmenaut\/\" title=\"Articles par Matthieu Menaut\" rel=\"author\">Matthieu Menaut<\/a><\/span><\/span><span class=\"updated\" style=\"display:none;\">2026-04-20T08:29:47+02:00<\/span><h4 class=\"entry-title\"><a href=\"https:\/\/snuipp86.fr\/index.php\/2026\/04\/19\/carte-s-colere-2026-les-actions-en-cours\/\">Carte s-col\u00e8re 2026 : les actions en cours<\/a><\/h4><p>Maj 20\/4\/25 Pour des demandes d'ouverture de postes ou de non fermeture de postes, des mobilisations sont en cours dans la Vienne. La FSU-SNUipp 86 relaie ici les actions qui lui sont communiqu\u00e9es. Continuez \u00e0 nous informez des actions sur [...]<\/p><\/div><\/article><\/section><\/div><div class=\"fusion-button-wrapper\"><style type=\"text\/css\">.fusion-button.button-1 {border-radius:2px;}<\/style><a class=\"fusion-button button-flat fusion-button-default-size button-default button-1 fusion-button-default-span fusion-button-default-type\" target=\"_self\" href=\"https:\/\/snuipp86.fr\/index.php\/category\/a-la-une\/\"><span class=\"fusion-button-text\">TOUS LES ARTICLES<\/span><\/a><\/div><div class=\"fusion-clearfix\"><\/div><\/div><\/div><\/div><\/div>\n","protected":false},"excerpt":{"rendered":"","protected":false},"author":1,"featured_media":0,"parent":0,"menu_order":0,"comment_status":"closed","ping_status":"closed","template":"","meta":{"footnotes":""},"class_list":["post-7","page","type-page","status-publish","hentry"],"yoast_head":"<!-- This site is optimized with the Yoast SEO plugin v26.6 - https:\/\/yoast.com\/wordpress\/plugins\/seo\/ -->\n<title>Accueil - FSU-SNUipp 86<\/title>\n<meta name=\"robots\" content=\"index, follow, max-snippet:-1, max-image-preview:large, max-video-preview:-1\" \/>\n<link rel=\"canonical\" href=\"https:\/\/snuipp86.fr\/\" \/>\n<meta property=\"og:locale\" content=\"fr_FR\" \/>\n<meta property=\"og:type\" content=\"article\" \/>\n<meta property=\"og:title\" content=\"Accueil - FSU-SNUipp 86\" \/>\n<meta property=\"og:url\" content=\"https:\/\/snuipp86.fr\/\" \/>\n<meta property=\"og:site_name\" content=\"FSU-SNUipp 86\" \/>\n<meta property=\"article:modified_time\" content=\"2019-11-22T17:41:00+00:00\" \/>\n<meta name=\"twitter:card\" content=\"summary_large_image\" \/>\n<meta name=\"twitter:label1\" content=\"Dur\u00e9e de lecture estim\u00e9e\" \/>\n\t<meta name=\"twitter:data1\" content=\"2 minutes\" \/>\n<script type=\"application\/ld+json\" class=\"yoast-schema-graph\">{\"@context\":\"https:\/\/schema.org\",\"@graph\":[{\"@type\":\"WebPage\",\"@id\":\"https:\/\/snuipp86.fr\/\",\"url\":\"https:\/\/snuipp86.fr\/\",\"name\":\"Accueil - FSU-SNUipp 86\",\"isPartOf\":{\"@id\":\"https:\/\/snuipp86.fr\/#website\"},\"datePublished\":\"2019-08-28T08:27:33+00:00\",\"dateModified\":\"2019-11-22T17:41:00+00:00\",\"breadcrumb\":{\"@id\":\"https:\/\/snuipp86.fr\/#breadcrumb\"},\"inLanguage\":\"fr-FR\",\"potentialAction\":[{\"@type\":\"ReadAction\",\"target\":[\"https:\/\/snuipp86.fr\/\"]}]},{\"@type\":\"BreadcrumbList\",\"@id\":\"https:\/\/snuipp86.fr\/#breadcrumb\",\"itemListElement\":[{\"@type\":\"ListItem\",\"position\":1,\"name\":\"Accueil\",\"item\":\"https:\/\/snuipp86.fr\/\"},{\"@type\":\"ListItem\",\"position\":2,\"name\":\"Accueil\"}]},{\"@type\":\"WebSite\",\"@id\":\"https:\/\/snuipp86.fr\/#website\",\"url\":\"https:\/\/snuipp86.fr\/\",\"name\":\"FSU-SNUipp 86\",\"description\":\"Des id\u00e9es qui font l&#039;\u00e9cole\",\"potentialAction\":[{\"@type\":\"SearchAction\",\"target\":{\"@type\":\"EntryPoint\",\"urlTemplate\":\"https:\/\/snuipp86.fr\/?s={search_term_string}\"},\"query-input\":{\"@type\":\"PropertyValueSpecification\",\"valueRequired\":true,\"valueName\":\"search_term_string\"}}],\"inLanguage\":\"fr-FR\"}]}<\/script>\n<!-- \/ Yoast SEO plugin. -->","yoast_head_json":{"title":"Accueil - FSU-SNUipp 86","robots":{"index":"index","follow":"follow","max-snippet":"max-snippet:-1","max-image-preview":"max-image-preview:large","max-video-preview":"max-video-preview:-1"},"canonical":"https:\/\/snuipp86.fr\/","og_locale":"fr_FR","og_type":"article","og_title":"Accueil - FSU-SNUipp 86","og_url":"https:\/\/snuipp86.fr\/","og_site_name":"FSU-SNUipp 86","article_modified_time":"2019-11-22T17:41:00+00:00","twitter_card":"summary_large_image","twitter_misc":{"Dur\u00e9e de lecture estim\u00e9e":"2 minutes"},"schema":{"@context":"https:\/\/schema.org","@graph":[{"@type":"WebPage","@id":"https:\/\/snuipp86.fr\/","url":"https:\/\/snuipp86.fr\/","name":"Accueil - FSU-SNUipp 86","isPartOf":{"@id":"https:\/\/snuipp86.fr\/#website"},"datePublished":"2019-08-28T08:27:33+00:00","dateModified":"2019-11-22T17:41:00+00:00","breadcrumb":{"@id":"https:\/\/snuipp86.fr\/#breadcrumb"},"inLanguage":"fr-FR","potentialAction":[{"@type":"ReadAction","target":["https:\/\/snuipp86.fr\/"]}]},{"@type":"BreadcrumbList","@id":"https:\/\/snuipp86.fr\/#breadcrumb","itemListElement":[{"@type":"ListItem","position":1,"name":"Accueil","item":"https:\/\/snuipp86.fr\/"},{"@type":"ListItem","position":2,"name":"Accueil"}]},{"@type":"WebSite","@id":"https:\/\/snuipp86.fr\/#website","url":"https:\/\/snuipp86.fr\/","name":"FSU-SNUipp 86","description":"Des id\u00e9es qui font l&#039;\u00e9cole","potentialAction":[{"@type":"SearchAction","target":{"@type":"EntryPoint","urlTemplate":"https:\/\/snuipp86.fr\/?s={search_term_string}"},"query-input":{"@type":"PropertyValueSpecification","valueRequired":true,"valueName":"search_term_string"}}],"inLanguage":"fr-FR"}]}},"_links":{"self":[{"href":"https:\/\/snuipp86.fr\/index.php\/wp-json\/wp\/v2\/pages\/7","targetHints":{"allow":["GET"]}}],"collection":[{"href":"https:\/\/snuipp86.fr\/index.php\/wp-json\/wp\/v2\/pages"}],"about":[{"href":"https:\/\/snuipp86.fr\/index.php\/wp-json\/wp\/v2\/types\/page"}],"author":[{"embeddable":true,"href":"https:\/\/snuipp86.fr\/index.php\/wp-json\/wp\/v2\/users\/1"}],"replies":[{"embeddable":true,"href":"https:\/\/snuipp86.fr\/index.php\/wp-json\/wp\/v2\/comments?post=7"}],"version-history":[{"count":0,"href":"https:\/\/snuipp86.fr\/index.php\/wp-json\/wp\/v2\/pages\/7\/revisions"}],"wp:attachment":[{"href":"https:\/\/snuipp86.fr\/index.php\/wp-json\/wp\/v2\/media?parent=7"}],"curies":[{"name":"wp","href":"https:\/\/api.w.org\/{rel}","templated":true}]}}